8
Suppose 2*r + 1 + 3 = 0. Let y(q) = q. Give y(r).
-2
Let t(l) = l**2 - l - 1. Let n(p) = -p**3 + 4*p**2 - 7*p - 1. Let f(a) = n(a) - 3*t(a). Determine f(3).
-28
Suppose -28 = o - 5*o - 2*r, -5*o = -3*r - 13. Let i(j) = -j**3 - 3*j**2 - 5. Let k(z) = 3*z**3 + 5*z**2 + z + 9. Let m(t) = 5*i(t) + 2*k(t). Give m(o).
3
Suppose 5*j + 23 = 4*i, i = 3*i + j - 1. Let t(c) = -3*c**2 + 2*c**2 - c**3 + 8*c - 2*c**i - 9 + 8*c**2. Determine t(6).
3
Suppose -2*t - 3 = -15. Suppose -3*x = -2*x + t. Let z(s) = s**2 + 6*s + 2. Determine z(x).
2
Let j(n) = -2*n**2 + 3*n - 3. Let g(s) = -6*s**2 + 8*s - 9. Let y(a) = 2*g(a) - 7*j(a). Calculate y(4).
15
Suppose 7*r + 9 - 37 = 0. Let t(m) = -m**3 + 4*m**2 + 6*m - 6. Determine t(r).
18
Let l(o) = -o**2 - 6*o - 4. Let k be l(-6). Let b be 8/2*(-1)/k. Let c(v) = v - 4*v - 2 + 5 - 4. What is c(b)?
-4
Let y(c) = c**3 + c + 3. Let r = 9 - 9. Let h be y(r). Let u(o) = o**3 - 5*o**2 + 5*o - 4. Give u(h).
-7
Let u(q) be the third derivative of q**5/60 - q**4/4 + 2*q**3/3 - q**2. Let z(w) = w**2 - 17*w - 133. Let n be z(-6). What is u(n)?
-1
Let r(n) = n**2 + 5*n - 8. Let c be -10 - ((-108)/30 + 4/(-10)). Determine r(c).
-2
Suppose -3 - 3 = -2*h. Let i(a) = -a**2 + a**2 + 2*a**2 + 4 - 2*a - 3*a**2. Give i(h).
-11
Suppose -2*f - 14 = -4*f. Let s(r) = -r**3 + 8*r**2 - 5*r - 8. Calculate s(f).
6
Let j(f) = -5*f**2 - 15*f + 2. Let x(p) = p**2 + p + 1. Let v(y) = -j(y) - 6*x(y). What is v(8)?
0
Let b(r) be the first derivative of 1/2*r**2 - r - 2. Let h be (3 - 2) + 0 + -5. Determine b(h).
-5
Let b(j) = -5*j + 5. Let o(v) = -6*v + 6. Let c(g) = -5*b(g) + 4*o(g). Suppose -2*u - 4 = 2*z, -z = 2*u + 3*z + 8. Determine c(u).
-1
Let n(i) = i**2 - 7*i + 4. Let s(v) = -2 - 2*v + 5*v - 4*v. Let a be s(-5). Determine n(a).
-8
Let s be (((-1)/2)/(-1))/(1/(-14)). Let y(f) = f**2 + 4*f - 6. Determine y(s).
15
Let l(b) be the second derivative of b**3/6 - 20*b. Determine l(5).
5
Let r = 33 + -19. Let d(n) = -7 - n + r - 5. Let i(a) = -a - 2. Let v be i(-4). Determine d(v).
0
Let u(n) = -3*n**2 + 8*n - 2. Let d(x) = -4*x**2 + 9*x - 3. Let i(k) = 5*d(k) - 6*u(k). Give i(-2).
-5
Suppose 0 = 2*w - 2*g + 12, -8 - 22 = 5*w + 2*g. Let i(h) = 2*h + 5. Calculate i(w).
-7
Suppose 64 = -5*p + 214. Suppose -s + p = -4*d + s, 0 = -d - 2*s. Let k(g) = g**2 + 9*g + 9. Determine k(d).
-9
Let w(k) = -3*k**2 - 4*k + 2. Let c(f) = 4*f**2 + 5*f - 2. Let s(g) = -2*c(g) - 3*w(g). Determine s(-3).
1
Let l(j) = j + 7. Let b be l(-5). Let i(y) = 0*y**3 - b*y - 1 - 3 + y**3 + 5. Let w be 3*3/(18/(-4)). Determine i(w).
-3
Let l = 11 + -11. Let r(h) = h**2 - 3*h + 0*h**2 + l*h**2. What is r(3)?
0
Let s(c) = 6*c - 1 + 5*c**2 + 0*c**3 - 2 + 4*c**3 - 5*c**3. Suppose -2*y - 132 = -4*q - 0*y, 2*y = 3*q - 97. Suppose q = 4*m + 11. Give s(m).
-3
Let l(q) be the third derivative of -q**6/120 - q**5/15 + q**4/12 - q**3 - 51*q**2. What is l(-5)?
9
Suppose 3*k - 2*q = 1, -5*k - 3 = -7*k - q. Let r = -3 + k. Let w(f) = 6*f + 5. Let m(n) = n + 1. Let v(o) = -3*m(o) + w(o). What is v(r)?
-4
Let c(j) = 3*j. Let o(q) = -q + 1. Let b(m) = -c(m) - 4*o(m). What is b(8)?
4
Let c(b) = -b**2 - b - 1. Let n be c(-2). Let f = n + 0. Let z(w) = -w**2 - 3*w - 1. What is z(f)?
-1
Let n(r) = -3*r - 5. Let b be ((-4)/10)/((-6)/15). Let z = -5 + b. Calculate n(z).
7
Let x(v) = -v**3 + 4*v**2 + 3*v + 3. Let f(w) = 4*w**3 + w - 1. Let o be f(1). Determine x(o).
15
Let d be (2/(-3))/((-3)/(-9)). Let s = d + 2. Suppose r + 3*l + 6 = s, -3*r - 2*l + 3*l + 12 = 0. Let p(q) = -q**3 + 4*q**2 + q - 4. Determine p(r).
8
Let s(v) = -17*v**2 + 24*v**2 + 0 - 1. Calculate s(1).
6
Suppose 18 = -2*s - 0. Let i be (24/(-18))/((-2)/s). Let p(j) = -j**3 - 6*j**2 - j - 8. Calculate p(i).
-2
Let n(h) be the first derivative of -3*h**2/2 + 15. Give n(3).
-9
Let t(o) = -2*o**2 - 2*o + 5. Let q be t(0). Let k(w) be the first derivative of -1 - 1/3*w**3 + 5*w + 5/2*w**2. Calculate k(q).
5
Let n(y) = -y**3 + 5*y**2 - 6*y + 6. Suppose -5*w = -h - 21, -4*h - 2*w - 10 = -9*h. Determine n(h).
-2
Let x(v) = v**3 + v**2 + v + 1. Let l be x(-1). Suppose -2*k + 4*k = l. Let u(y) = y - 7. Give u(k).
-7
Suppose 2*w + 2*p - 4 = 0, -4*p = -2*w + w + 17. Let j(u) be the first derivative of u**4/4 - 2*u**3 + 2*u**2 + 3*u + 1. Determine j(w).
-2
Suppose 3*w - w = 0. Suppose -2*p = -w*p - 12. Let a(s) = -p*s + s**2 - 2*s**2 + 4 + 2*s**2. Give a(4).
-4
Let d(b) = b**2 - 2*b + 5. Let g be d(4). Suppose 5*p - 2 = g. Let c(k) = p*k - 3*k - 2 + 2*k. Calculate c(2).
2
Suppose 4*c + 3*i - 14 = -0*c, c + 4 = 3*i. Let u(v) be the first derivative of c + 0*v - v**2 - 1/3*v**3 + 1/4*v**4. Determine u(-2).
-8
Let l(t) = -t - 2. Suppose -2*m + 17 = m + 5*g, -20 = -4*m - 4*g. Determine l(m).
-6
Suppose -9*h + 0 = -18. Let g(r) = r**3 - r**2 - 4*r + 3. Give g(h).
-1
Suppose 0*i = -5*i. Suppose a + 4 + 1 = i. Let p(f) = -6 + 1 + 0 - 2*f. What is p(a)?
5
Let w be (-2)/(-3) - (-6)/36*14. Let a(q) = -q - 2. Determine a(w).
-5
Let z(s) = -3*s**3 - s**2 + 2. Let j(h) = -h**2 - 2. Let w(f) = -2*f**2 - 5. Let i(v) = -7*j(v) + 3*w(v). Let k(d) = -i(d) - z(d). Determine k(-1).
-4
Let g(i) = i**3 + 6*i**2 - i - 3. Let t be (18/4)/((-2)/(-4)). Let c be (0 - 0) + 15*-1. Let k = t + c. Calculate g(k).
3
Let x(h) = h**2 + 5*h - 2. Suppose -l - 2*l = 15. Let t be x(l). Let s(b) = -1 + b**2 + 3 - 3*b**2. Determine s(t).
-6
Let f(a) = a**3 + 2*a**2 + a + 3. Let x(r) = -r**3 - r**2 - 4. Let b(n) = 3*f(n) + 2*x(n). What is b(-2)?
3
Let s(g) be the third derivative of 0*g**3 + 0*g + 1/24*g**4 - g**2 - 1/120*g**6 + 1/60*g**5 + 0. What is s(0)?
0
Let j(n) be the first derivative of -n**3/3 + 2*n**2 + n + 8. Let k(y) = y - 4. Let s be k(7). Give j(s).
4
Let n(x) = -1. Let q be (1 - 0) + (-28)/(-7). Let a(b) = -b**3 - 4*b**2 + 2*b - 1. Let r(w) = q*n(w) + a(w). Calculate r(-5).
9
Suppose -3*p + 4*p = -3*q - 15, q + 21 = -3*p. Let b = 1 + p. Let z(f) = -f - 9. Calculate z(b).
-4
Let p(f) = f**3 - f + 2. Suppose i - 3*r = 0, 4*i - 3*r = 2*r. Calculate p(i).
2
Let l be 70/25*10/4. Let q(x) = -x**3 + 8*x**2 - 8*x + 3. Calculate q(l).
-4
Let r(b) = b**3 + b - 4. Let w = 57 - 57. Determine r(w).
-4
Let l(x) be the first derivative of -x**2/2 + 4*x - 2. Let d be 7 + (0 - 6/2). Give l(d).
0
Let f(z) be the first derivative of -z**3/3 + 3*z**2/2 - 2*z - 6. What is f(3)?
-2
Let y(d) be the second derivative of 1/2*d**2 - 1/20*d**5 - 1/12*d**4 + 0 + 5*d + 1/6*d**3. Determine y(0).
1
Suppose -7*b + 21 + 42 = 0. Let v(m) = -m**2 + 8*m + 7. Calculate v(b).
-2
Let l(h) be the first derivative of -3*h**2/2 + h + 44. Determine l(6).
-17
Let u(n) = -n**3 + n**2 - n + 1. Suppose 3*r = 7*r - 4. What is u(r)?
0
Suppose -a + 2 = 3. Let k = -1 + 2. Let w(j) = 0*j**2 - j**2 - 2*j - j**2 - 10*j**3 - k. What is w(a)?
9
Let m = -95 + 95. Let o(y) = y + 5. Give o(m).
5
Let x(b) = 3*b + 3*b**2 - 2 - 6*b**2 + 4*b**2. Let q(w) = -w**3 - w**2 + w - 2. Let c be q(-2). Let i be 16/(-20)*(c - -5). What is x(i)?
2
Suppose 4 = -2*l - 0*l, -5*l - 14 = 4*h. Let t(g) = -7*g**3 - g**2 - 1. Let u(n) = n**3 + n**2. Let i(f) = h*t(f) - 6*u(f). Let y = 5 + 0. Calculate i(y).
1
Suppose -3*u - u - 16 = 0. Let l be (2/4)/(2/u). Let o(j) = -6*j**2 + j + 1. Give o(l).
-6
Let d(c) = -2*c + 2. Let s(w) = -w + 1. Let z(b) = d(b) - 3*s(b). Give z(4).
3
Let q(s) = 4*s**3 + 3*s**2 + 2*s + 2. Let z(f) = 5*f**3 + 2*f**2 + 2*f + 2. Let c(j) = -4*q(j) + 3*z(j). Suppose h = 5*x - 31, 9*h - x + 29 = 5*h. What is c(h)?
10
Let r(y) = -y - 9. Let i be (-2)/(-2 - 0) + 4. Suppose -i*k = -2*l + 32, -4*k - 50 = 5*l + 2. Let x be 2 + (k - 6/(-3)). What is r(x)?
-5
Let x(v) be the second derivative of 1/12*v**4 + 0 - 1/4*v**5 - 2*v + 1/6*v**3 + 0*v**2. Give x(-1).
5
Let l be ((-2)/(-7))/(4/(-84)*-3). Let r(b) = b**2 - 2*b + 3. Give r(l).
3
Let u(w) = w - 10. Let p = -18 + 25. Determine u(p).
-3
Let u(n) = 2*n**2 + 4*n + 4. Let d(z) = -z**2 + 4*z + 7. Let h be d(5). Let j(b) = 5*b**3 - 2*b**3 - 2*b**3 - 3 + 4*b - 4*b**2. Let i be j(h). Give u(i).
10
Let g(a) be the first derivative of -a**4/4 - 2*a**3 - 4*a + 3. What is g(-6)?
-4
Let x(o) be the third derivative of o**5/20 + o**4/24 - 23*o**2. Determine x(1).
4
Let h(k) = 5*k - 6. Let p(a) = 14*a - 17. Let z(f) = 17*h(f) - 6*p(f). Suppose -4*c - t + 8 = 37, 4*c = -5*t - 49. What is z(c)?
-6
Let